{"id":13,"date":"2019-10-25T09:50:44","date_gmt":"2019-10-25T09:50:44","guid":{"rendered":"http:\/\/demo.athemes.com\/sydney-redesign\/?page_id=13"},"modified":"2023-05-17T19:46:22","modified_gmt":"2023-05-17T19:46:22","slug":"home-2","status":"publish","type":"page","link":"https:\/\/campoagrosrl.com\/","title":{"rendered":"My front page"},"content":{"rendered":"\t\t<div data-elementor-type=\"wp-page\" data-elementor-id=\"13\" class=\"elementor elementor-13\">\n\t\t\t\t\t\t\t\t\t<section class=\"elementor-section elementor-top-section elementor-element elementor-element-7815f6b elementor-section-full_width elementor-section-stretched elementor-section-height-default elementor-section-height-default\" data-id=\"7815f6b\" data-element_type=\"section\" data-settings=\"{&quot;stretch_section&quot;:&quot;section-stretched&quot;,&quot;background_background&quot;:&quot;video&quot;,&quot;background_video_link&quot;:&quot;https:\\\/\\\/www.youtube.com\\\/watch?v=4R9HpESkor8&quot;}\">\n\t\t\t\t\t\t\t\t<div class=\"elementor-background-video-container elementor-hidden-phone\">\n\t\t\t\t\t\t\t\t\t\t\t\t\t<div class=\"elementor-background-video-embed\"><\/div>\n\t\t\t\t\t\t\t\t\t\t\t\t<\/div>\n\t\t\t\t\t\t\t\t<div class=\"elementor-container elementor-column-gap-default\">\n\t\t\t\t\t<div class=\"elementor-column elementor-col-50 elementor-top-column elementor-element elementor-element-b963ae4\" data-id=\"b963ae4\" data-element_type=\"column\">\n\t\t\t<div class=\"elementor-widget-wrap\">\n\t\t\t\t\t\t\t\t\t<\/div>\n\t\t<\/div>\n\t\t\t\t<div class=\"elementor-column elementor-col-50 elementor-top-column elementor-element elementor-element-5a495d1\" data-id=\"5a495d1\" data-element_type=\"column\" data-settings=\"{&quot;background_background&quot;:&quot;classic&quot;}\">\n\t\t\t<div class=\"elementor-widget-wrap elementor-element-populated\">\n\t\t\t\t\t\t\t\t<section class=\"elementor-section elementor-inner-section elementor-element elementor-element-b812ec9 elementor-section-boxed elementor-section-height-default elementor-section-height-default\" data-id=\"b812ec9\" data-element_type=\"section\">\n\t\t\t\t\t\t<div class=\"elementor-container elementor-column-gap-default\">\n\t\t\t\t\t<div class=\"elementor-column elementor-col-100 elementor-inner-column elementor-element elementor-element-2ff579a\" data-id=\"2ff579a\" data-element_type=\"column\" data-settings=\"{&quot;background_background&quot;:&quot;classic&quot;}\">\n\t\t\t<div class=\"elementor-widget-wrap elementor-element-populated\">\n\t\t\t\t\t\t\t\t<div class=\"elementor-element elementor-element-1c32c22 elementor-widget elementor-widget-text-editor\" data-id=\"1c32c22\" data-element_type=\"widget\" data-widget_type=\"text-editor.default\">\n\t\t\t\t<div class=\"elementor-widget-container\">\n\t\t\t<style>\/*! elementor - v3.6.4 - 13-04-2022 *\/\n.elementor-widget-text-editor.elementor-drop-cap-view-stacked .elementor-drop-cap{background-color:#818a91;color:#fff}.elementor-widget-text-editor.elementor-drop-cap-view-framed .elementor-drop-cap{color:#818a91;border:3px solid;background-color:transparent}.elementor-widget-text-editor:not(.elementor-drop-cap-view-default) .elementor-drop-cap{margin-top:8px}.elementor-widget-text-editor:not(.elementor-drop-cap-view-default) .elementor-drop-cap-letter{width:1em;height:1em}.elementor-widget-text-editor .elementor-drop-cap{float:left;text-align:center;line-height:1;font-size:50px}.elementor-widget-text-editor .elementor-drop-cap-letter{display:inline-block}<\/style>\t\t\t\t<p>Organizados para brindar soluciones para el campo<\/p><p>Motivados por los desaf\u00edos<\/p>\t\t\t\t\t\t<\/div>\n\t\t\t\t<\/div>\n\t\t\t\t\t<\/div>\n\t\t<\/div>\n\t\t\t\t\t\t\t<\/div>\n\t\t<\/section>\n\t\t\t\t\t<\/div>\n\t\t<\/div>\n\t\t\t\t\t\t\t<\/div>\n\t\t<\/section>\n\t\t\t\t<section class=\"elementor-section elementor-top-section elementor-element elementor-element-eb2c2fb elementor-section-boxed elementor-section-height-default elementor-section-height-default elementor-invisible\" data-id=\"eb2c2fb\" data-element_type=\"section\" data-settings=\"{&quot;animation&quot;:&quot;fadeInLeft&quot;}\">\n\t\t\t\t\t\t<div class=\"elementor-container elementor-column-gap-default\">\n\t\t\t\t\t<div class=\"elementor-column elementor-col-100 elementor-top-column elementor-element elementor-element-bea0196\" data-id=\"bea0196\" data-element_type=\"column\">\n\t\t\t<div class=\"elementor-widget-wrap elementor-element-populated\">\n\t\t\t\t\t\t\t\t<div class=\"elementor-element elementor-element-24647b5 elementor-widget elementor-widget-heading\" data-id=\"24647b5\" data-element_type=\"widget\" data-widget_type=\"heading.default\">\n\t\t\t\t<div class=\"elementor-widget-container\">\n\t\t\t<style>\/*! elementor - v3.6.4 - 13-04-2022 *\/\n.elementor-heading-title{padding:0;margin:0;line-height:1}.elementor-widget-heading .elementor-heading-title[class*=elementor-size-]>a{color:inherit;font-size:inherit;line-height:inherit}.elementor-widget-heading .elementor-heading-title.elementor-size-small{font-size:15px}.elementor-widget-heading .elementor-heading-title.elementor-size-medium{font-size:19px}.elementor-widget-heading .elementor-heading-title.elementor-size-large{font-size:29px}.elementor-widget-heading .elementor-heading-title.elementor-size-xl{font-size:39px}.elementor-widget-heading .elementor-heading-title.elementor-size-xxl{font-size:59px}<\/style><h1 class=\"elementor-heading-title elementor-size-default\">Somos<\/h1>\t\t<\/div>\n\t\t\t\t<\/div>\n\t\t\t\t<div class=\"elementor-element elementor-element-6352d87 elementor-widget elementor-widget-text-editor\" data-id=\"6352d87\" data-element_type=\"widget\" data-widget_type=\"text-editor.default\">\n\t\t\t\t<div class=\"elementor-widget-container\">\n\t\t\t\t\t\t\t<p>Somos una empresa con m\u00e1s de 10 a\u00f1os de desarrollo en los cuales hemos aprendido a entender las necesidades de los productores, brind\u00e1ndoles verdaderas soluciones para la producci\u00f3n agr\u00edcola.<\/p>\t\t\t\t\t\t<\/div>\n\t\t\t\t<\/div>\n\t\t\t\t<div class=\"elementor-element elementor-element-eb18767 elementor-align-center elementor-widget elementor-widget-button\" data-id=\"eb18767\" data-element_type=\"widget\" data-widget_type=\"button.default\">\n\t\t\t\t<div class=\"elementor-widget-container\">\n\t\t\t\t\t<div class=\"elementor-button-wrapper\">\n\t\t\t<a href=\"http:\/\/campoagrosrl.com\/index.php\/quienes-somos\/\" class=\"elementor-button-link elementor-button elementor-size-xl\" role=\"button\">\n\t\t\t\t\t\t<span class=\"elementor-button-content-wrapper\">\n\t\t\t\t\t\t<span class=\"elementor-button-text\">+ info<\/span>\n\t\t<\/span>\n\t\t\t\t\t<\/a>\n\t\t<\/div>\n\t\t\t\t<\/div>\n\t\t\t\t<\/div>\n\t\t\t\t\t<\/div>\n\t\t<\/div>\n\t\t\t\t\t\t\t<\/div>\n\t\t<\/section>\n\t\t\t\t<section class=\"elementor-section elementor-top-section elementor-element elementor-element-2d93a0c elementor-section-stretched elementor-section-height-min-height elementor-section-boxed elementor-section-height-default elementor-section-items-middle elementor-invisible\" data-id=\"2d93a0c\" data-element_type=\"section\" data-settings=\"{&quot;stretch_section&quot;:&quot;section-stretched&quot;,&quot;background_background&quot;:&quot;classic&quot;,&quot;animation&quot;:&quot;fadeInLeft&quot;}\">\n\t\t\t\t\t\t<div class=\"elementor-container elementor-column-gap-default\">\n\t\t\t\t\t<div class=\"elementor-column elementor-col-100 elementor-top-column elementor-element elementor-element-5ead722\" data-id=\"5ead722\" data-element_type=\"column\">\n\t\t\t<div class=\"elementor-widget-wrap elementor-element-populated\">\n\t\t\t\t\t\t\t\t<div class=\"elementor-element elementor-element-4021013 elementor-widget elementor-widget-heading\" data-id=\"4021013\" data-element_type=\"widget\" data-widget_type=\"heading.default\">\n\t\t\t\t<div class=\"elementor-widget-container\">\n\t\t\t<h1 class=\"elementor-heading-title elementor-size-default\">\u00bf Quiere saber m\u00e1s de nosotros ?<\/h1>\t\t<\/div>\n\t\t\t\t<\/div>\n\t\t\t\t<div class=\"elementor-element elementor-element-0118f7a elementor-align-center elementor-widget elementor-widget-button\" data-id=\"0118f7a\" data-element_type=\"widget\" data-widget_type=\"button.default\">\n\t\t\t\t<div class=\"elementor-widget-container\">\n\t\t\t\t\t<div class=\"elementor-button-wrapper\">\n\t\t\t<a href=\"http:\/\/campoagrosrl.com\/index.php\/contacto\/\" class=\"elementor-button-link elementor-button elementor-size-xl\" role=\"button\">\n\t\t\t\t\t\t<span class=\"elementor-button-content-wrapper\">\n\t\t\t\t\t\t<span class=\"elementor-button-text\">Cont\u00e1ctenos<\/span>\n\t\t<\/span>\n\t\t\t\t\t<\/a>\n\t\t<\/div>\n\t\t\t\t<\/div>\n\t\t\t\t<\/div>\n\t\t\t\t\t<\/div>\n\t\t<\/div>\n\t\t\t\t\t\t\t<\/div>\n\t\t<\/section>\n\t\t\t\t<section class=\"elementor-section elementor-top-section elementor-element elementor-element-23306d1 elementor-section-boxed elementor-section-height-default elementor-section-height-default\" data-id=\"23306d1\" data-element_type=\"section\">\n\t\t\t\t\t\t<div class=\"elementor-container elementor-column-gap-default\">\n\t\t\t\t\t<div class=\"elementor-column elementor-col-100 elementor-top-column elementor-element elementor-element-fe97c59\" data-id=\"fe97c59\" data-element_type=\"column\">\n\t\t\t<div class=\"elementor-widget-wrap elementor-element-populated\">\n\t\t\t\t\t\t\t\t<div class=\"elementor-element elementor-element-17db41a elementor-widget elementor-widget-heading\" data-id=\"17db41a\" data-element_type=\"widget\" data-widget_type=\"heading.default\">\n\t\t\t\t<div class=\"elementor-widget-container\">\n\t\t\t<h1 class=\"elementor-heading-title elementor-size-default\">Conf\u00edan en nosotros<\/h1>\t\t<\/div>\n\t\t\t\t<\/div>\n\t\t\t\t\t<\/div>\n\t\t<\/div>\n\t\t\t\t\t\t\t<\/div>\n\t\t<\/section>\n\t\t\t\t<section class=\"elementor-section elementor-top-section elementor-element elementor-element-828ad15 elementor-section-boxed elementor-section-height-default elementor-section-height-default\" data-id=\"828ad15\" data-element_type=\"section\">\n\t\t\t\t\t\t<div class=\"elementor-container elementor-column-gap-default\">\n\t\t\t\t\t<div class=\"elementor-column elementor-col-100 elementor-top-column elementor-element elementor-element-2439e38\" data-id=\"2439e38\" data-element_type=\"column\">\n\t\t\t<div class=\"elementor-widget-wrap elementor-element-populated\">\n\t\t\t\t\t\t\t\t<div class=\"elementor-element elementor-element-4ce433e elementor-widget elementor-widget-shortcode\" data-id=\"4ce433e\" data-element_type=\"widget\" data-widget_type=\"shortcode.default\">\n\t\t\t\t<div class=\"elementor-widget-container\">\n\t\t\t\t\t<div class=\"elementor-shortcode\"><style type=\"text\/css\">div#logo-carousel-free-1228.logo-carousel-free .sp-lc-logo{\n\t\t\t\tborder: 1px solid #dddddd;\n\t\t\t}div#logo-carousel-free-1228.logo-carousel-free .sp-lc-logo:hover{\n\t\t\t\tborder-color: #16a08b;\n\t\t\t}#logo-carousel-free-1228.sp-lc-container .sp-logo-carousel {\n\t\t\t\t\tpadding-bottom: 46px;\n\t\t\t\t}\n\t\t\t\t#logo-carousel-free-1228.sp-lc-container .sp-lc-pagination .swiper-pagination-bullet {\n\t\t\t\t\tbackground-color: #dddddd;\n\t\t\t\t}\n\t\t\t\t#logo-carousel-free-1228.sp-lc-container .sp-lc-pagination .swiper-pagination-bullet.swiper-pagination-bullet-active{background-color: #16a08b; }\n\t\t\t\t#logo-carousel-free-1228.sp-lc-container .sp-logo-carousel {\n\t\t\t\t\tpadding-top: 46px;\n\t\t\t\t}\n\t\t\t\t#logo-carousel-free-1228.sp-lc-container .sp-lc-button-prev,\n\t\t\t\t#logo-carousel-free-1228.sp-lc-container .sp-lc-button-next {\n\t\t\t\t\tcolor: #aaaaaa;\n\t\t\t\t\tbackground: transparent;\n\t\t\t\t\tborder: 1px solid #aaaaaa;\n\t\t\t\t\tline-height: 28px;\n\t\t\t\t}\n\t\t\t\t#logo-carousel-free-1228.sp-lc-container .sp-lc-button-prev:hover,\n\t\t\t\t#logo-carousel-free-1228.sp-lc-container .sp-lc-button-next:hover{\n\t\t\t\t\tbackground-color: #16a08b;\n\t\t\t\t\tcolor: #ffffff;\n\t\t\t\t\tborder-color: #16a08b;\n\t\t\t\t}@media only screen and (max-width: 576px) {} .logo-carousel-free-area#logo-carousel-free-1228{\n\t\t\t\t\tposition: relative;\n\t\t\t\t}\n\t\t\t\t#lcp-preloader-1228{\n\t\t\t\t\tposition: absolute;\n\t\t\t\t\tleft: 0;\n\t\t\t\t\ttop: 0;\n\t\t\t\t\theight: 100%;\n\t\t\t\t\twidth: 100%;\n\t\t\t\t\ttext-align: center;\n\t\t\t\t\tdisplay: flex;\n\t\t\t\t\talign-items: center;\n\t\t\t\t\tjustify-content: center;\n\t\t\t\t\tbackground: #fff;\n\t\t\t\t\tz-index: 9999;\n\t\t\t\t}\n\t\t\t\t .logo-carousel-free-area#logo-carousel-free-1228 .sp-logo-carousel-section-title{\n\t\t\t\t\tmargin-bottom: 30px;\n\t\t\t\t}<\/style><div id='logo-carousel-free-1228' class=\"logo-carousel-free logo-carousel-free-area sp-lc-container\"><div id=\"lcp-preloader-1228\" class=\"sp-logo-carousel-preloader\"><img src=\"https:\/\/campoagrosrl.com\/wp-content\/plugins\/logo-carousel-free\/public\/assets\/css\/images\/bx_loader.gif\" alt=\"loader-image\"\/><\/div><div id=\"sp-logo-carousel-id-1228\" class=\"swiper-container sp-logo-carousel lcp-preloader\" dir=\"ltr\" data-carousel='{ \"speed\":600,\"spaceBetween\": 12, \"autoplay\": true, \"infinite\":true, \"autoplay_speed\": 3000, \"stop_onHover\": true, \"pagination\": true, \"navigation\": true, \"MobileNav\": true, \"MobilePagi\": true, \"simulateTouch\": true, \"allowTouchMove\": true, \"slidesPerView\": { \"lg_desktop\": 5, \"desktop\": 4, \"tablet\": 3, \"mobile\": 1, \"mobile_landscape\": 2 } }'><div class=\"swiper-wrapper\"><div class=\"swiper-slide\"><div class=\"sp-lc-logo\"><img loading=\"lazy\" src=\"https:\/\/campoagrosrl.com\/wp-content\/uploads\/2022\/04\/0007_Bayer-Logo-1.jpg\" title=\"\" alt=\"Logo 1\" width=\"156\" height=\"153\" class=\"sp-lc-image\"><\/div><\/div><div class=\"swiper-slide\"><div class=\"sp-lc-logo\"><img loading=\"lazy\" src=\"https:\/\/campoagrosrl.com\/wp-content\/uploads\/2022\/04\/indice.png\" title=\"\" alt=\"Logo 2\" width=\"391\" height=\"129\" class=\"sp-lc-image\"><\/div><\/div><div class=\"swiper-slide\"><div class=\"sp-lc-logo\"><img loading=\"lazy\" src=\"https:\/\/campoagrosrl.com\/wp-content\/uploads\/2022\/04\/Logo_Adama.png\" title=\"\" alt=\"Logo 3\" width=\"1156\" height=\"498\" class=\"sp-lc-image\"><\/div><\/div><div class=\"swiper-slide\"><div class=\"sp-lc-logo\"><img loading=\"lazy\" src=\"https:\/\/campoagrosrl.com\/wp-content\/uploads\/2022\/04\/logo-argentina-new.png\" title=\"\" alt=\"Logo 4\" width=\"242\" height=\"41\" class=\"sp-lc-image\"><\/div><\/div><div class=\"swiper-slide\"><div class=\"sp-lc-logo\"><img loading=\"lazy\" src=\"https:\/\/campoagrosrl.com\/wp-content\/uploads\/2022\/04\/logo-nh.png\" title=\"\" alt=\"Logo 5\" width=\"218\" height=\"182\" class=\"sp-lc-image\"><\/div><\/div><div class=\"swiper-slide\"><div class=\"sp-lc-logo\"><img loading=\"lazy\" src=\"https:\/\/campoagrosrl.com\/wp-content\/uploads\/2022\/04\/sigma.png\" title=\"\" alt=\"Logo7\" width=\"225\" height=\"225\" class=\"sp-lc-image\"><\/div><\/div><div class=\"swiper-slide\"><div class=\"sp-lc-logo\"><img loading=\"lazy\" src=\"https:\/\/campoagrosrl.com\/wp-content\/uploads\/2022\/04\/donmario-1536x1061-1.jpg\" title=\"\" alt=\"Logo8\" width=\"1536\" height=\"1061\" class=\"sp-lc-image\"><\/div><\/div><div class=\"swiper-slide\"><div class=\"sp-lc-logo\"><img loading=\"lazy\" src=\"https:\/\/campoagrosrl.com\/wp-content\/uploads\/2022\/04\/LogoAzul.png\" title=\"\" alt=\"Logo 9\" width=\"291\" height=\"103\" class=\"sp-lc-image\"><\/div><\/div><div class=\"swiper-slide\"><div class=\"sp-lc-logo\"><img loading=\"lazy\" src=\"https:\/\/campoagrosrl.com\/wp-content\/uploads\/2022\/04\/98915_Agrofina-1536x384-1.jpg\" title=\"\" alt=\"Agrofina\" width=\"1536\" height=\"384\" class=\"sp-lc-image\"><\/div><\/div><div class=\"swiper-slide\"><div class=\"sp-lc-logo\"><img loading=\"lazy\" src=\"https:\/\/campoagrosrl.com\/wp-content\/uploads\/2022\/04\/1603738275531.jpg\" title=\"\" alt=\"Sumitomo\" width=\"200\" height=\"200\" class=\"sp-lc-image\"><\/div><\/div><div class=\"swiper-slide\"><div class=\"sp-lc-logo\"><img loading=\"lazy\" src=\"https:\/\/campoagrosrl.com\/wp-content\/uploads\/2022\/04\/philagro.png\" title=\"\" alt=\"Philagro\" width=\"300\" height=\"146\" class=\"sp-lc-image\"><\/div><\/div><div class=\"swiper-slide\"><div class=\"sp-lc-logo\"><img loading=\"lazy\" src=\"https:\/\/campoagrosrl.com\/wp-content\/uploads\/2022\/04\/logo.png\" title=\"\" alt=\"Stoller\" width=\"160\" height=\"210\" class=\"sp-lc-image\"><\/div><\/div><div class=\"swiper-slide\"><div class=\"sp-lc-logo\"><img loading=\"lazy\" src=\"https:\/\/campoagrosrl.com\/wp-content\/uploads\/2022\/04\/unnamed.jpg\" title=\"\" alt=\"Euro\" width=\"900\" height=\"900\" class=\"sp-lc-image\"><\/div><\/div><div class=\"swiper-slide\"><div class=\"sp-lc-logo\"><img loading=\"lazy\" src=\"https:\/\/campoagrosrl.com\/wp-content\/uploads\/2022\/04\/logo.jpg\" title=\"\" alt=\"Argen\" width=\"315\" height=\"112\" class=\"sp-lc-image\"><\/div><\/div><div class=\"swiper-slide\"><div class=\"sp-lc-logo\"><img loading=\"lazy\" src=\"https:\/\/campoagrosrl.com\/wp-content\/uploads\/2022\/04\/logo-FCA.png\" title=\"\" alt=\"fc\" width=\"200\" height=\"98\" class=\"sp-lc-image\"><\/div><\/div><div class=\"swiper-slide\"><div class=\"sp-lc-logo\"><img loading=\"lazy\" src=\"https:\/\/campoagrosrl.com\/wp-content\/uploads\/2022\/04\/sipcam.png\" title=\"\" alt=\"sipcam\" width=\"225\" height=\"225\" class=\"sp-lc-image\"><\/div><\/div><div class=\"swiper-slide\"><div class=\"sp-lc-logo\"><img loading=\"lazy\" src=\"https:\/\/campoagrosrl.com\/wp-content\/uploads\/2022\/04\/Bunge-Logo-1536x960-1.png\" title=\"\" alt=\"Bunge\" width=\"1536\" height=\"960\" class=\"sp-lc-image\"><\/div><\/div><div class=\"swiper-slide\"><div class=\"sp-lc-logo\"><img loading=\"lazy\" src=\"https:\/\/campoagrosrl.com\/wp-content\/uploads\/2022\/04\/logorotam540x400px.png\" title=\"\" alt=\"Rotam\" width=\"540\" height=\"400\" class=\"sp-lc-image\"><\/div><\/div><div class=\"swiper-slide\"><div class=\"sp-lc-logo\"><img loading=\"lazy\" src=\"https:\/\/campoagrosrl.com\/wp-content\/uploads\/2022\/04\/speed.png\" title=\"\" alt=\"speed\" width=\"469\" height=\"107\" class=\"sp-lc-image\"><\/div><\/div><div class=\"swiper-slide\"><div class=\"sp-lc-logo\"><img loading=\"lazy\" src=\"https:\/\/campoagrosrl.com\/wp-content\/uploads\/2022\/04\/ruralco.png\" title=\"\" alt=\"Ruralco\" width=\"215\" height=\"75\" class=\"sp-lc-image\"><\/div><\/div><div class=\"swiper-slide\"><div class=\"sp-lc-logo\"><img loading=\"lazy\" src=\"https:\/\/campoagrosrl.com\/wp-content\/uploads\/2022\/04\/Placa3.webp\" title=\"\" alt=\"next\" width=\"800\" height=\"356\" class=\"sp-lc-image\"><\/div><\/div><div class=\"swiper-slide\"><div class=\"sp-lc-logo\"><img loading=\"lazy\" src=\"https:\/\/campoagrosrl.com\/wp-content\/uploads\/2022\/04\/dva.png\" title=\"\" alt=\"dva\" width=\"261\" height=\"193\" class=\"sp-lc-image\"><\/div><\/div><\/div><div class=\"sp-lc-pagination swiper-pagination dots\"><\/div><div class=\"sp-lc-button-next\"><i class=\"fa fa-angle-right\"><\/i><\/div><div class=\"sp-lc-button-prev\"><i class=\"fa fa-angle-left\"><\/i><\/div><\/div><\/div><\/div>\n\t\t\t\t<\/div>\n\t\t\t\t<\/div>\n\t\t\t\t\t<\/div>\n\t\t<\/div>\n\t\t\t\t\t\t\t<\/div>\n\t\t<\/section>\n\t\t\t\t\t\t\t<\/div>\n\t\t","protected":false},"excerpt":{"rendered":"<p>Organizados para brindar soluciones para el campo Motivados por los desaf\u00edos Somos [&hellip;]<\/p>\n","protected":false},"author":3,"featured_media":0,"parent":0,"menu_order":0,"comment_status":"closed","ping_status":"closed","template":"page-templates\/page_front-page.php","meta":[],"_links":{"self":[{"href":"https:\/\/campoagrosrl.com\/index.php\/wp-json\/wp\/v2\/pages\/13"}],"collection":[{"href":"https:\/\/campoagrosrl.com\/index.php\/wp-json\/wp\/v2\/pages"}],"about":[{"href":"https:\/\/campoagrosrl.com\/index.php\/wp-json\/wp\/v2\/types\/page"}],"author":[{"embeddable":true,"href":"https:\/\/campoagrosrl.com\/index.php\/wp-json\/wp\/v2\/users\/3"}],"replies":[{"embeddable":true,"href":"https:\/\/campoagrosrl.com\/index.php\/wp-json\/wp\/v2\/comments?post=13"}],"version-history":[{"count":36,"href":"https:\/\/campoagrosrl.com\/index.php\/wp-json\/wp\/v2\/pages\/13\/revisions"}],"predecessor-version":[{"id":1486,"href":"https:\/\/campoagrosrl.com\/index.php\/wp-json\/wp\/v2\/pages\/13\/revisions\/1486"}],"wp:attachment":[{"href":"https:\/\/campoagrosrl.com\/index.php\/wp-json\/wp\/v2\/media?parent=13"}],"curies":[{"name":"wp","href":"https:\/\/api.w.org\/{rel}","templated":true}]}}